[INFO] cloning repository https://github.com/bIgBV/lispy-rs
[INFO] running `Command { std: "git" "-c" "credential.helper=" "-c" "credential.helper=/workspace/cargo-home/bin/git-credential-null" "clone" "--bare" "https://github.com/bIgBV/lispy-rs" "/workspace/cache/git-repos/https%3A%2F%2Fgithub.com%2FbIgBV%2Flispy-rs", kill_on_drop: false }`
[INFO] [stderr] Cloning into bare repository '/workspace/cache/git-repos/https%3A%2F%2Fgithub.com%2FbIgBV%2Flispy-rs'...
[INFO] running `Command { std: "git" "rev-parse" "HEAD", kill_on_drop: false }`
[INFO] [stdout] 94ea02cf7e2240fcae65897ad2c98fa3eb498bca
[INFO] building bIgBV/lispy-rs against master#ff34b919075f35a1787659e9c448a34b06bab8de for issue-85264
[INFO] running `Command { std: "git" "clone" "/workspace/cache/git-repos/https%3A%2F%2Fgithub.com%2FbIgBV%2Flispy-rs" "/workspace/builds/worker-14/source", kill_on_drop: false }`
[INFO] [stderr] Cloning into '/workspace/builds/worker-14/source'...
[INFO] [stderr] done.
[INFO] validating manifest of git repo https://github.com/bIgBV/lispy-rs on toolchain ff34b919075f35a1787659e9c448a34b06bab8de
[INFO] running `Command { std: "/workspace/cargo-home/bin/cargo" "+ff34b919075f35a1787659e9c448a34b06bab8de" "metadata" "--manifest-path" "Cargo.toml" "--no-deps", kill_on_drop: false }`
[INFO] started tweaking git repo https://github.com/bIgBV/lispy-rs
[INFO] finished tweaking git repo https://github.com/bIgBV/lispy-rs
[INFO] tweaked toml for git repo https://github.com/bIgBV/lispy-rs written to /workspace/builds/worker-14/source/Cargo.toml
[INFO] crate git repo https://github.com/bIgBV/lispy-rs already has a lockfile, it will not be regenerated
[INFO] running `Command { std: "/workspace/cargo-home/bin/cargo" "+ff34b919075f35a1787659e9c448a34b06bab8de" "fetch" "--manifest-path" "Cargo.toml", kill_on_drop: false }`
[INFO] [stderr]     Blocking waiting for file lock on package cache
[INFO] running `Command { std: "docker" "create" "-v" "/var/lib/crater-agent-workspace/builds/worker-14/target:/opt/rustwide/target:rw,Z" "-v" "/var/lib/crater-agent-workspace/builds/worker-14/source:/opt/rustwide/workdir:ro,Z" "-v" "/var/lib/crater-agent-workspace/cargo-home:/opt/rustwide/cargo-home:ro,Z" "-v" "/var/lib/crater-agent-workspace/rustup-home:/opt/rustwide/rustup-home:ro,Z" "-e" "SOURCE_DIR=/opt/rustwide/workdir" "-e" "CARGO_TARGET_DIR=/opt/rustwide/target" "-e" "CARGO_HOME=/opt/rustwide/cargo-home" "-e" "RUSTUP_HOME=/opt/rustwide/rustup-home" "-w" "/opt/rustwide/workdir" "-m" "1610612736" "--user" "0:0" "--network" "none" "ghcr.io/rust-lang/crates-build-env/linux@sha256:20528e8c29e4536546f0102ce88568b16ea7538393a33fcca951030f7af10457" "/opt/rustwide/cargo-home/bin/cargo" "+ff34b919075f35a1787659e9c448a34b06bab8de" "metadata" "--no-deps" "--format-version=1", kill_on_drop: false }`
[INFO] [stdout] d000e86d9ceb65e261b2687408234bbcde52dc1ac757b84c017e951ddd451571
[INFO] [stderr] WARNING: Your kernel does not support swap limit capabilities or the cgroup is not mounted. Memory limited without swap.
[INFO] running `Command { std: "docker" "start" "-a" "d000e86d9ceb65e261b2687408234bbcde52dc1ac757b84c017e951ddd451571", kill_on_drop: false }`
[INFO] running `Command { std: "docker" "inspect" "d000e86d9ceb65e261b2687408234bbcde52dc1ac757b84c017e951ddd451571", kill_on_drop: false }`
[INFO] running `Command { std: "docker" "rm" "-f" "d000e86d9ceb65e261b2687408234bbcde52dc1ac757b84c017e951ddd451571", kill_on_drop: false }`
[INFO] [stdout] d000e86d9ceb65e261b2687408234bbcde52dc1ac757b84c017e951ddd451571
[INFO] running `Command { std: "docker" "create" "-v" "/var/lib/crater-agent-workspace/builds/worker-14/target:/opt/rustwide/target:rw,Z" "-v" "/var/lib/crater-agent-workspace/builds/worker-14/source:/opt/rustwide/workdir:ro,Z" "-v" "/var/lib/crater-agent-workspace/cargo-home:/opt/rustwide/cargo-home:ro,Z" "-v" "/var/lib/crater-agent-workspace/rustup-home:/opt/rustwide/rustup-home:ro,Z" "-e" "SOURCE_DIR=/opt/rustwide/workdir" "-e" "CARGO_TARGET_DIR=/opt/rustwide/target" "-e" "CARGO_INCREMENTAL=0" "-e" "RUST_BACKTRACE=full" "-e" "RUSTFLAGS=--cap-lints=forbid" "-e" "CARGO_HOME=/opt/rustwide/cargo-home" "-e" "RUSTUP_HOME=/opt/rustwide/rustup-home" "-w" "/opt/rustwide/workdir" "-m" "1610612736" "--user" "0:0" "--network" "none" "ghcr.io/rust-lang/crates-build-env/linux@sha256:20528e8c29e4536546f0102ce88568b16ea7538393a33fcca951030f7af10457" "/opt/rustwide/cargo-home/bin/cargo" "+ff34b919075f35a1787659e9c448a34b06bab8de" "build" "--frozen" "--message-format=json", kill_on_drop: false }`
[INFO] [stdout] aea1e3c44a4c7ba6dc7cc15c0f1b550ec495b9fdc53e296d92f3ee574b00f975
[INFO] [stderr] WARNING: Your kernel does not support swap limit capabilities or the cgroup is not mounted. Memory limited without swap.
[INFO] running `Command { std: "docker" "start" "-a" "aea1e3c44a4c7ba6dc7cc15c0f1b550ec495b9fdc53e296d92f3ee574b00f975", kill_on_drop: false }`
[INFO] [stderr]    Compiling libc v0.2.42
[INFO] [stderr]    Compiling siphasher v0.2.2
[INFO] [stderr]    Compiling lazy_static v1.0.1
[INFO] [stderr]    Compiling serde v1.0.70
[INFO] [stderr]    Compiling string_cache_shared v0.3.0
[INFO] [stderr]    Compiling regex v0.2.11
[INFO] [stderr]    Compiling utf8-ranges v1.0.0
[INFO] [stderr]    Compiling typenum v1.10.0
[INFO] [stderr]    Compiling either v1.5.0
[INFO] [stderr]    Compiling bit-vec v0.4.4
[INFO] [stderr]    Compiling ordermap v0.3.5
[INFO] [stderr]    Compiling fixedbitset v0.1.9
[INFO] [stderr]    Compiling regex-syntax v0.4.2
[INFO] [stderr]    Compiling lalrpop-util v0.15.2
[INFO] [stderr]    Compiling diff v0.1.11
[INFO] [stderr]    Compiling ena v0.5.0
[INFO] [stderr]    Compiling byte-tools v0.2.0
[INFO] [stderr]    Compiling arrayref v0.3.4
[INFO] [stderr]    Compiling regex v1.0.1
[INFO] [stderr]    Compiling bitflags v0.4.0
[INFO] [stderr]    Compiling slotmap v0.2.0
[INFO] [stderr]    Compiling encode_unicode v0.1.3
[INFO] [stderr]    Compiling unicode-width v0.1.5
[INFO] [stderr]    Compiling lalrpop-util v0.15.2 (https://github.com/lalrpop/lalrpop?branch=master#b87e6063)
[INFO] [stderr]    Compiling proc-macro2 v0.3.8
[INFO] [stderr]    Compiling regex-syntax v0.5.6
[INFO] [stderr]    Compiling proc-macro2 v0.4.6
[INFO] [stderr]    Compiling ascii-canvas v1.0.0
[INFO] [stderr]    Compiling regex-syntax v0.6.1
[INFO] [stderr]    Compiling new_debug_unreachable v1.0.1
[INFO] [stderr]    Compiling block-buffer v0.3.3
[INFO] [stderr]    Compiling thread_local v0.3.5
[INFO] [stderr]    Compiling itertools v0.7.8
[INFO] [stderr]    Compiling quote v0.5.2
[INFO] [stderr]    Compiling phf_shared v0.7.22
[INFO] [stderr]    Compiling quote v0.6.3
[INFO] [stderr]    Compiling syn v0.14.4
[INFO] [stderr]    Compiling bit-set v0.4.0
[INFO] [stderr]    Compiling petgraph v0.4.12
[INFO] [stderr]    Compiling rand v0.4.2
[INFO] [stderr]    Compiling memchr v2.0.1
[INFO] [stderr]    Compiling atty v0.1.2
[INFO] [stderr]    Compiling nix v0.5.1
[INFO] [stderr]    Compiling aho-corasick v0.6.5
[INFO] [stdout] error[E0034]: multiple applicable items in scope
[INFO] [stdout]     --> /opt/rustwide/cargo-home/registry/src/github.com-1ecc6299db9ec823/petgraph-0.4.12/src/graph_impl/stable_graph/mod.rs:1171:19
[INFO] [stdout]      |
[INFO] [stdout] 1171 |         self.iter.find_map(|(i, node)| {
[INFO] [stdout]      |                   ^^^^^^^^ multiple `find_map` found
[INFO] [stdout]      |
[INFO] [stdout] note: candidate #1 is defined in an impl of the trait `IterUtilsExt` for the type `I`
[INFO] [stdout]     --> /opt/rustwide/cargo-home/registry/src/github.com-1ecc6299db9ec823/petgraph-0.4.12/src/iter_utils.rs:5:5
[INFO] [stdout]      |
[INFO] [stdout] 5    | /     fn find_map<F, R>(&mut self, mut f: F) -> Option<R>
[INFO] [stdout] 6    | |         where F: FnMut(Self::Item) -> Option<R>
[INFO] [stdout]      | |_______________________________________________^
[INFO] [stdout]      = note: candidate #2 is defined in an impl of the trait `Iterator` for the type `Enumerate<I>`
[INFO] [stdout] help: disambiguate the associated function for candidate #1
[INFO] [stdout]      |
[INFO] [stdout] 1171 |         IterUtilsExt::find_map(&mut self.iter, |(i, node)| {
[INFO] [stdout] 1172 |             node.weight.as_ref().map(move |w| (node_index(i), w))
[INFO] [stdout] 1173 |         })
[INFO] [stdout]      |
[INFO] [stdout] help: disambiguate the associated function for candidate #2
[INFO] [stdout]      |
[INFO] [stdout] 1171 |         Iterator::find_map(&mut self.iter, |(i, node)| {
[INFO] [stdout] 1172 |             node.weight.as_ref().map(move |w| (node_index(i), w))
[INFO] [stdout] 1173 |         })
[INFO] [stdout]      |
[INFO] [stdout] 
[INFO] [stdout] 
[INFO] [stdout] error[E0034]: multiple applicable items in scope
[INFO] [stdout]     --> /opt/rustwide/cargo-home/registry/src/github.com-1ecc6299db9ec823/petgraph-0.4.12/src/graph_impl/stable_graph/mod.rs:1363:19
[INFO] [stdout]      |
[INFO] [stdout] 1363 |         self.iter.find_map(|(i, edge)|
[INFO] [stdout]      |                   ^^^^^^^^ multiple `find_map` found
[INFO] [stdout]      |
[INFO] [stdout] note: candidate #1 is defined in an impl of the trait `IterUtilsExt` for the type `I`
[INFO] [stdout]     --> /opt/rustwide/cargo-home/registry/src/github.com-1ecc6299db9ec823/petgraph-0.4.12/src/iter_utils.rs:5:5
[INFO] [stdout]      |
[INFO] [stdout] 5    | /     fn find_map<F, R>(&mut self, mut f: F) -> Option<R>
[INFO] [stdout] 6    | |         where F: FnMut(Self::Item) -> Option<R>
[INFO] [stdout]      | |_______________________________________________^
[INFO] [stdout]      = note: candidate #2 is defined in an impl of the trait `Iterator` for the type `Enumerate<I>`
[INFO] [stdout] help: disambiguate the associated function for candidate #1
[INFO] [stdout]      |
[INFO] [stdout] 1363 |         IterUtilsExt::find_map(&mut self.iter, |(i, edge)|
[INFO] [stdout] 1364 |             edge.weight.as_ref().map(move |weight| {
[INFO] [stdout] 1365 |                 EdgeReference {
[INFO] [stdout] 1366 |                     index: edge_index(i),
[INFO] [stdout] 1367 |                     node: edge.node,
[INFO] [stdout] 1368 |                     weight: weight,
[INFO] [stdout]    ...
[INFO] [stdout] help: disambiguate the associated function for candidate #2
[INFO] [stdout]      |
[INFO] [stdout] 1363 |         Iterator::find_map(&mut self.iter, |(i, edge)|
[INFO] [stdout] 1364 |             edge.weight.as_ref().map(move |weight| {
[INFO] [stdout] 1365 |                 EdgeReference {
[INFO] [stdout] 1366 |                     index: edge_index(i),
[INFO] [stdout] 1367 |                     node: edge.node,
[INFO] [stdout] 1368 |                     weight: weight,
[INFO] [stdout]    ...
[INFO] [stdout] 
[INFO] [stdout] 
[INFO] [stdout] error[E0034]: multiple applicable items in scope
[INFO] [stdout]     --> /opt/rustwide/cargo-home/registry/src/github.com-1ecc6299db9ec823/petgraph-0.4.12/src/graph_impl/stable_graph/mod.rs:1527:19
[INFO] [stdout]      |
[INFO] [stdout] 1527 |         self.iter.find_map(|(i, node)| {
[INFO] [stdout]      |                   ^^^^^^^^ multiple `find_map` found
[INFO] [stdout]      |
[INFO] [stdout] note: candidate #1 is defined in an impl of the trait `IterUtilsExt` for the type `I`
[INFO] [stdout]     --> /opt/rustwide/cargo-home/registry/src/github.com-1ecc6299db9ec823/petgraph-0.4.12/src/iter_utils.rs:5:5
[INFO] [stdout]      |
[INFO] [stdout] 5    | /     fn find_map<F, R>(&mut self, mut f: F) -> Option<R>
[INFO] [stdout] 6    | |         where F: FnMut(Self::Item) -> Option<R>
[INFO] [stdout]      | |_______________________________________________^
[INFO] [stdout]      = note: candidate #2 is defined in an impl of the trait `Iterator` for the type `Enumerate<I>`
[INFO] [stdout] help: disambiguate the associated function for candidate #1
[INFO] [stdout]      |
[INFO] [stdout] 1527 |         IterUtilsExt::find_map(&mut self.iter, |(i, node)| {
[INFO] [stdout] 1528 |             if node.weight.is_some() {
[INFO] [stdout] 1529 |                 Some(node_index(i))
[INFO] [stdout] 1530 |             } else { None }
[INFO] [stdout] 1531 |         })
[INFO] [stdout]      |
[INFO] [stdout] help: disambiguate the associated function for candidate #2
[INFO] [stdout]      |
[INFO] [stdout] 1527 |         Iterator::find_map(&mut self.iter, |(i, node)| {
[INFO] [stdout] 1528 |             if node.weight.is_some() {
[INFO] [stdout] 1529 |                 Some(node_index(i))
[INFO] [stdout] 1530 |             } else { None }
[INFO] [stdout] 1531 |         })
[INFO] [stdout]      |
[INFO] [stdout] 
[INFO] [stdout] 
[INFO] [stdout] error[E0034]: multiple applicable items in scope
[INFO] [stdout]     --> /opt/rustwide/cargo-home/registry/src/github.com-1ecc6299db9ec823/petgraph-0.4.12/src/graph_impl/stable_graph/mod.rs:1573:19
[INFO] [stdout]      |
[INFO] [stdout] 1573 |         self.iter.find_map(|(i, node)| {
[INFO] [stdout]      |                   ^^^^^^^^ multiple `find_map` found
[INFO] [stdout]      |
[INFO] [stdout] note: candidate #1 is defined in an impl of the trait `IterUtilsExt` for the type `I`
[INFO] [stdout]     --> /opt/rustwide/cargo-home/registry/src/github.com-1ecc6299db9ec823/petgraph-0.4.12/src/iter_utils.rs:5:5
[INFO] [stdout]      |
[INFO] [stdout] 5    | /     fn find_map<F, R>(&mut self, mut f: F) -> Option<R>
[INFO] [stdout] 6    | |         where F: FnMut(Self::Item) -> Option<R>
[INFO] [stdout]      | |_______________________________________________^
[INFO] [stdout]      = note: candidate #2 is defined in an impl of the trait `Iterator` for the type `Enumerate<I>`
[INFO] [stdout] help: disambiguate the associated function for candidate #1
[INFO] [stdout]      |
[INFO] [stdout] 1573 |         IterUtilsExt::find_map(&mut self.iter, |(i, node)| {
[INFO] [stdout] 1574 |             if node.weight.is_some() {
[INFO] [stdout] 1575 |                 Some(edge_index(i))
[INFO] [stdout] 1576 |             } else { None }
[INFO] [stdout] 1577 |         })
[INFO] [stdout]      |
[INFO] [stdout] help: disambiguate the associated function for candidate #2
[INFO] [stdout]      |
[INFO] [stdout] 1573 |         Iterator::find_map(&mut self.iter, |(i, node)| {
[INFO] [stdout] 1574 |             if node.weight.is_some() {
[INFO] [stdout] 1575 |                 Some(edge_index(i))
[INFO] [stdout] 1576 |             } else { None }
[INFO] [stdout] 1577 |         })
[INFO] [stdout]      |
[INFO] [stdout] 
[INFO] [stdout] 
[INFO] [stdout] error: aborting due to 4 previous errors
[INFO] [stdout] 
[INFO] [stdout] 
[INFO] [stdout] For more information about this error, try `rustc --explain E0034`.
[INFO] [stdout] 
[INFO] [stderr] error: could not compile `petgraph`
[INFO] [stderr] 
[INFO] [stderr] To learn more, run the command again with --verbose.
[INFO] [stderr] warning: build failed, waiting for other jobs to finish...
[INFO] [stderr] error: build failed
[INFO] running `Command { std: "docker" "inspect" "aea1e3c44a4c7ba6dc7cc15c0f1b550ec495b9fdc53e296d92f3ee574b00f975", kill_on_drop: false }`
[INFO] running `Command { std: "docker" "rm" "-f" "aea1e3c44a4c7ba6dc7cc15c0f1b550ec495b9fdc53e296d92f3ee574b00f975", kill_on_drop: false }`
[INFO] [stdout] aea1e3c44a4c7ba6dc7cc15c0f1b550ec495b9fdc53e296d92f3ee574b00f975
